{"id":314,"date":"2024-10-21T12:23:14","date_gmt":"2024-10-21T10:23:14","guid":{"rendered":"https:\/\/sslamm.mio.osupytheas.fr\/?page_id=314"},"modified":"2024-10-31T09:33:06","modified_gmt":"2024-10-31T08:33:06","slug":"experiences-en-cours","status":"publish","type":"page","link":"https:\/\/sslamm.mio.osupytheas.fr\/?page_id=314","title":{"rendered":"Quelques exp\u00e9riences en cours"},"content":{"rendered":"\n<div class=\"wp-block-group\"><div class=\"wp-block-group__inner-container is-layout-constrained wp-block-group-is-layout-constrained\">\n<ul class=\"wp-block-list\">\n<li>2024:<\/li>\n\n\n\n<li>Accueil du projet SmartECO= <a href=\"https:\/\/polemermediterranee.com\/domaines-dactions-strategiques\/smarteco\/\">https:\/\/polemermediterranee.com\/domaines-dactions-strategiques\/smarteco\/<\/a><\/li>\n\n\n\n<li>Deep Sea\u2019nnovation (C\u00e9line Rommevaux, Alain Dolla, Agathe Roland, MIO) vient pr\u00e9lever de l&#8217;eau de mer pour ses essais en eDNA<\/li>\n\n\n\n<li>BioPhyMed= comment reconstruire la taille du phytoplancton et estimer son contenu en carbone? Particuli\u00e8rement important pour le picophytoplancton qui peut dominer dans les zones oligotrophes mais dont la petite taille rend les conversion en carbone tr\u00e9s incertaines. A l&#8217;aide de la physique optique et de la cytom\u00e9trie en flux, ce projet tente de r\u00e9duire les incertitudes. PI Lucile Dufor\u00eat (LOG), financement LEFE, en collaboration avec Clementine Gallot, PRECYM (Aude Barani &amp; G&amp;\u00e9rald Gr\u00e9gori) et Melilotus Thyssen (MIO).<\/li>\n\n\n\n<li>Le CEA vient tester ses protocoles de concentrations d\u2019\u00e9l\u00e9ments tra\u00e7ant la photosynth\u00e8se (Gilles Peletier, Bertrand L\u00e9geret)<\/li>\n\n\n\n<li><\/li>\n<\/ul>\n\n\n\n<ul class=\"wp-block-list\">\n<li>ERC HOPE, le SSL@MM accueille le projet HOPE (Sophie Bonnet, Matthieu Savarino). Formation et mise en route du cytom\u00e8tre immerg\u00e9 par Cl\u00e9mentine Gallot et Melilotus Thyssen. <img loading=\"lazy\" decoding=\"async\" width=\"150\" height=\"69\" class=\"wp-image-445\" style=\"width: 150px;\" src=\"https:\/\/sslamm.mio.osupytheas.fr\/wp-content\/uploads\/2024\/10\/20231107_112541-scaled.jpg\" alt=\"\" srcset=\"https:\/\/sslamm.mio.osupytheas.fr\/wp-content\/uploads\/2024\/10\/20231107_112541-scaled.jpg 2560w, https:\/\/sslamm.mio.osupytheas.fr\/wp-content\/uploads\/2024\/10\/20231107_112541-300x138.jpg 300w, https:\/\/sslamm.mio.osupytheas.fr\/wp-content\/uploads\/2024\/10\/20231107_112541-1024x472.jpg 1024w, https:\/\/sslamm.mio.osupytheas.fr\/wp-content\/uploads\/2024\/10\/20231107_112541-768x354.jpg 768w, https:\/\/sslamm.mio.osupytheas.fr\/wp-content\/uploads\/2024\/10\/20231107_112541-1536x708.jpg 1536w, https:\/\/sslamm.mio.osupytheas.fr\/wp-content\/uploads\/2024\/10\/20231107_112541-2048x944.jpg 2048w\" sizes=\"auto, (max-width: 150px) 100vw, 150px\" \/><\/li>\n<\/ul>\n<\/div><\/div>\n\n\n\n<div class=\"wp-block-group\"><div class=\"wp-block-group__inner-container is-layout-constrained wp-block-group-is-layout-constrained\">\n<ul class=\"wp-block-list\">\n<li>2023:<\/li>\n\n\n\n<li>DeepSeaCam, projet de th\u00e8se de Asma Charkroun  (encadr\u00e9 par Christophe Guinet) vient tester son protoype et comparer avec le planktoscope (Karine Leblanc, MIO) et le cytom\u00e8tre Cytosense (Melilotus Thyssen).<\/li>\n\n\n\n<li>2023-2028, le SSL@MM accueille le projet BioDivInnov= analyse des images par cytom\u00e9trie de type Cytosense, pour comparaison avec les m\u00e9thodes d&#8217;imageries exitantes et innovantes. <a href=\"https:\/\/www.univ-amu.fr\/fr\/public\/biodivinnov-approches-innovantes-pour-le-suivi-de-la-biodiversite-marine-en-couplant\">https:\/\/www.univ-amu.fr\/fr\/public\/biodivinnov-approches-innovantes-pour-le-suivi-de-la-biodiversite-marine-en-couplant<\/a><\/li>\n\n\n\n<li>2021-2023= phD work of Zoe Lebras on Selenium content in the sea Water<\/li>\n<\/ul>\n<\/div><\/div>\n\n\n\n<p><\/p>\n\n\n\n<div class=\"wp-block-group\"><div class=\"wp-block-group__inner-container is-layout-constrained wp-block-group-is-layout-constrained\">\n<ul class=\"wp-block-list\">\n<li>2022:<\/li>\n\n\n\n<li>2020-2022= phD work of Robin Fuchs, a digging into upwelling effects on the plancton functional groups at fine temporal scale !<\/li>\n<\/ul>\n<\/div><\/div>\n\n\n\n<ul class=\"wp-block-list\">\n<li>2021:\n<ul class=\"wp-block-list\">\n<li>Mise en test d&#8217;autonomisation d&#8217;un sp\u00e9ctrom\u00e8tre 3D (S. Mounier, I. Sanou, R. Redon et X. Luciani (LIS))<\/li>\n<\/ul>\n<\/li>\n\n\n\n<li><\/li>\n<\/ul>\n","protected":false},"excerpt":{"rendered":"","protected":false},"author":6,"featured_media":0,"parent":0,"menu_order":0,"comment_status":"closed","ping_status":"closed","template":"","meta":{"ocean_post_layout":"","ocean_both_sidebars_style":"","ocean_both_sidebars_content_width":0,"ocean_both_sidebars_sidebars_width":0,"ocean_sidebar":"","ocean_second_sidebar":"","ocean_disable_margins":"enable","ocean_add_body_class":"","ocean_shortcode_before_top_bar":"","ocean_shortcode_after_top_bar":"","ocean_shortcode_before_header":"","ocean_shortcode_after_header":"","ocean_has_shortcode":"","ocean_shortcode_after_title":"","ocean_shortcode_before_footer_widgets":"","ocean_shortcode_after_footer_widgets":"","ocean_shortcode_before_footer_bottom":"","ocean_shortcode_after_footer_bottom":"","ocean_display_top_bar":"default","ocean_display_header":"default","ocean_header_style":"","ocean_center_header_left_menu":"","ocean_custom_header_template":"","ocean_custom_logo":0,"ocean_custom_retina_logo":0,"ocean_custom_logo_max_width":0,"ocean_custom_logo_tablet_max_width":0,"ocean_custom_logo_mobile_max_width":0,"ocean_custom_logo_max_height":0,"ocean_custom_logo_tablet_max_height":0,"ocean_custom_logo_mobile_max_height":0,"ocean_header_custom_menu":"","ocean_menu_typo_font_family":"","ocean_menu_typo_font_subset":"","ocean_menu_typo_font_size":0,"ocean_menu_typo_font_size_tablet":0,"ocean_menu_typo_font_size_mobile":0,"ocean_menu_typo_font_size_unit":"px","ocean_menu_typo_font_weight":"","ocean_menu_typo_font_weight_tablet":"","ocean_menu_typo_font_weight_mobile":"","ocean_menu_typo_transform":"","ocean_menu_typo_transform_tablet":"","ocean_menu_typo_transform_mobile":"","ocean_menu_typo_line_height":0,"ocean_menu_typo_line_height_tablet":0,"ocean_menu_typo_line_height_mobile":0,"ocean_menu_typo_line_height_unit":"","ocean_menu_typo_spacing":0,"ocean_menu_typo_spacing_tablet":0,"ocean_menu_typo_spacing_mobile":0,"ocean_menu_typo_spacing_unit":"","ocean_menu_link_color":"","ocean_menu_link_color_hover":"","ocean_menu_link_color_active":"","ocean_menu_link_background":"","ocean_menu_link_hover_background":"","ocean_menu_link_active_background":"","ocean_menu_social_links_bg":"","ocean_menu_social_hover_links_bg":"","ocean_menu_social_links_color":"","ocean_menu_social_hover_links_color":"","ocean_disable_title":"default","ocean_disable_heading":"default","ocean_post_title":"","ocean_post_subheading":"","ocean_post_title_style":"","ocean_post_title_background_color":"","ocean_post_title_background":0,"ocean_post_title_bg_image_position":"","ocean_post_title_bg_image_attachment":"","ocean_post_title_bg_image_repeat":"","ocean_post_title_bg_image_size":"","ocean_post_title_height":0,"ocean_post_title_bg_overlay":0.5,"ocean_post_title_bg_overlay_color":"","ocean_disable_breadcrumbs":"default","ocean_breadcrumbs_color":"","ocean_breadcrumbs_separator_color":"","ocean_breadcrumbs_links_color":"","ocean_breadcrumbs_links_hover_color":"","ocean_display_footer_widgets":"default","ocean_display_footer_bottom":"default","ocean_custom_footer_template":"","footnotes":""},"class_list":["post-314","page","type-page","status-publish","hentry","entry"],"_links":{"self":[{"href":"https:\/\/sslamm.mio.osupytheas.fr\/index.php?rest_route=\/wp\/v2\/pages\/314","targetHints":{"allow":["GET"]}}],"collection":[{"href":"https:\/\/sslamm.mio.osupytheas.fr\/index.php?rest_route=\/wp\/v2\/pages"}],"about":[{"href":"https:\/\/sslamm.mio.osupytheas.fr\/index.php?rest_route=\/wp\/v2\/types\/page"}],"author":[{"embeddable":true,"href":"https:\/\/sslamm.mio.osupytheas.fr\/index.php?rest_route=\/wp\/v2\/users\/6"}],"replies":[{"embeddable":true,"href":"https:\/\/sslamm.mio.osupytheas.fr\/index.php?rest_route=%2Fwp%2Fv2%2Fcomments&post=314"}],"version-history":[{"count":12,"href":"https:\/\/sslamm.mio.osupytheas.fr\/index.php?rest_route=\/wp\/v2\/pages\/314\/revisions"}],"predecessor-version":[{"id":460,"href":"https:\/\/sslamm.mio.osupytheas.fr\/index.php?rest_route=\/wp\/v2\/pages\/314\/revisions\/460"}],"wp:attachment":[{"href":"https:\/\/sslamm.mio.osupytheas.fr\/index.php?rest_route=%2Fwp%2Fv2%2Fmedia&parent=314"}],"curies":[{"name":"wp","href":"https:\/\/api.w.org\/{rel}","templated":true}]}}